s digit of 8424147?
8
What is the hundred thousands digit of 55997593?
9
What is the hundred thousands digit of 128399239?
3
What is the hundreds digit of 51502362?
3
What is the tens digit of 322546624?
2
What is the millions digit of 6237757869?
7
What is the hundreds digit of 1928381200?
2
What is the units digit of 762452080?
0
What is the thousands digit of 73121579?
1
What is the ten millions digit of 30293381?
3
What is the millions digit of 26764057?
6
What is the ten thousands digit of 327991929?
9
What is the tens digit of 3382265?
6
What is the ten thousands digit of 2479582343?
8
What is the units digit of 185844865?
5
What is the ten millions digit of 326859132?
2
What is the millions digit of 507046651?
7
What is the units digit of 94049378?
8
What is the hundreds digit of 3016934564?
5
What is the ten millions digit of 937690575?
3
What is the tens digit of 253163020?
2
What is the units digit of 1046550578?
8
What is the hundred thousands digit of 1192291376?
2
What is the thousands digit of 603744808?
4
What is the ten millions digit of 7636549977?
3
What is the hundred millions digit of 286156983?
2
What is the tens digit of 271686142?
4
What is the ten thousands digit of 530438925?
3
What is the millions digit of 20676625?
0
What is the units digit of 2156084460?
0
What is the tens digit of 105863434?
3
What is the hundreds digit of 49263392?
3
What is the hundred millions digit of 157948048?
1
What is the hundred thousands digit of 311692936?
6
What is the hundreds digit of 587322804?
8
What is the thousands digit of 34165070?
5
What is the ten millions digit of 465976982?
6
What is the millions digit of 141819287?
1
What is the hundreds digit of 4840877716?
7
What is the hundred thousands digit of 926534828?
5
What is the ten thousands digit of 2725900466?
0
What is the hundreds digit of 75183123?
1
What is the ten thousands digit of 29625105?
2
What is the hundred millions digit of 1296203878?
2
What is the millions digit of 4086190243?
6
What is the units digit of 696589824?
4
What is the millions digit of 6849104?
6
What is the tens digit of 201094565?
6
What is the millions digit of 89074047?
9
What is the tens digit of 88287743?
4
What is the thousands digit of 2587522179?
2
What is the thousands digit of 5316624583?
4
What is the units digit of 31925420?
0
What is the ten millions digit of 2742349561?
4
What is the thousands digit of 85052760?
2
What is the millions digit of 31488288?
1
What is the thousands digit of 4182237157?
7
What is the ten millions digit of 1256815744?
5
What is the units digit of 55725693?
3
What is the ten millions digit of 362897423?
6
What is the hundred thousands digit of 122673833?
6
What is the thousands digit of 108373260?
3
What is the millions digit of 1817232170?
7
What is the hundreds digit of 1430906282?
2
What is the ten thousands digit of 691440085?
4
What is the ten thousands digit of 4220339666?
3
What is the tens digit of 147122682?
8
What is the hundreds digit of 793396649?
6
What is the thousands digit of 366308131?
8
What is the hundreds digit of 3071773065?
0
What is the units digit of 1622763001?
1
What is the units digit of 2730417863?
3
What is the hundreds digit of 43866936?
9
What is the units digit of 110606924?
4
What is the hundreds digit of 1473442501?
5
What is the ten millions digit of 26040691?
2
What is the thousands digit of 89677638?
7
What is the hundreds digit of 1751696257?
2
What is the billions digit of 1078429459?
1
What is the hundred millions digit of 3441773405?
4
What is the hundred thousands digit of 24526426?
5
What is the hundred millions digit of 398638319?
3
What is the units digit of 189871505?
5
What is the ten millions digit of 535643347?
3
What is the hundreds digit of 1452915951?
9
What is the tens digit of 986971178?
7
What is the hundred thousands digit of 4962152614?
1
What is the units digit of 432124213?
3
What is the ten millions digit of 32153813?
3
What is the millions digit of 12987599?
2
What is the hundreds digit of 1151238968?
9
What is the hundred millions digit of 201367952?
2
What is the hundreds digit of 2417785849?
8
What is the hundred thousands digit of 21473733?
4
What is the hundred thousands digit of 38375588?
3
What is the ten millions digit of 5651053827?
5
What is the hundreds digit of 45731337?
3
What is the tens digit of 11695556?
5
What is the tens digit of 8025760?
6
What is the ten millions digit of 81379260?
8
What is the ten millions digit of 1198852909?
9
What is the millions digit of 623281042?
3
What is the ten millions digit of 11092132?
1
What is the hundred thousands digit of 188935027?
9
What is the hundred thousands digit of 221122891?
1
What is the hundreds digit of 531299?
2
What is the thousands digit of 150762744?
2
What is the thousands digit of 1017398646?
8
What is the units digit of 333117885?
5
What is the tens digit of 188241022?
2
What is the ten thousands digit of 40165420?
6
What is the millions digit of 51130199?
1
What is the ten thousands digit of 637376?
3
What is the hundreds digit of 76076836?
8
What is the hundreds digit of 29647677?
6
What is the tens digit of 474080237?
3
What is the units digit of 140049090?
0
What is the hundreds digit of 5458336686?
6
What is the hundred thousands digit of 29259373?
2
What is the millions digit of 2522636727?
2
What is the millions digit of 66071245?
6
What is the thousands digit of 117432733?
2
What is the thousands digit of 21954314?
4
What is the hundreds digit of 38395285?
2
What is the ten millions digit of 638933783?
3
What is the ten thousands digit of 30778518?
7
What is the units digit of 102827680?
0
What is the hundred thousands digit of 198979244?
9
What is the millions digit of 2294844439?
4
What is the hundreds digit of 16314437?
4
What is the hundred millions digit of 120848284?
1
What is the hundreds digit of 32837124?
1
What is the thousands digit of 6686319657?
9
What is the hundred thousands digit of 143150798?
1
What is the hundred thousands digit of 74396777?
3
What is the ten thousands digit of 13963393?
6
What is the hundred thousands digit of 64650237?
6
What is the units digit of 443881073?
3
What is the ten thousands digit of 94621359?
2
What is the ten thousands digit of 120698643?
9
What is the hundred millions digit of 276481844?
2
What is the ten thousands digit of 127929966?
2
What is the hundred millions digit of 1249204924?
2
What is the ten thousands digit of 1612725321?
2
What is the thousands digit of 271480368?
0
What is the thousands digit of 4840155219?
5
What is the millions digit of 63654155?
3
What is the hundred thousands digit of 40361920?
3
What is the units digit of 84279685?
5
What is the units digit of 120137478?
8
What is the hundreds digit of 164268268?
2
What is the tens digit of 1145435?
3
What is the units digit of 91610100?
0
What is the tens digit of 17748809?
0
What is the millions digit of 163699701?
3
What is the thousands digit of 63601611?
1
What is the hundred millions digit of 499446840?
4
What is the millions digit of 76702226?
6
What is the hundred millions digit of 810201836?
8
What is the hundreds digit of 90534315?
3
What is the units digit of 27820682?
2
What is the tens digit of 130232162?
6
What is the thousands digit of 1737833245?
3
What is the ten millions digit of 4006150916?
0
What is the ten thousands digit of 395954218?
5
What is the units digit of 1433359998?
8
What is the hundreds digit of 118761022?
0
What is the ten millions digit of 47582666?
4
What is the hundred millions digit of 387364104?
3
What is the hundreds digit of 192645729?
7
What is the millions digit of 206030011?
6
What is the tens digit of 7875163499?
9
What is the hundred millions digit of 145852725?
1
What is the hundreds digit of 35991374?
3
What is the ten thousands digit of 1831021622?
2
What is the thousands digit of 184962360?
2
What is the ten thousands digit of 104496417?
9
What is the millions digit of 25993138?
5
What is the units digit of 82807271?
1
What is the tens digit of 17688027?
2
What is the tens digit of 6432521151?
5
What is the units digit of 541475589?
9
What is the hundreds digit of 25529342?
3
What is the tens digit of 71260599?
9
What is the hundreds digit of 3083